ase 10, what is -1 + -1017015?
-1017016
In base 16, what is 16647 + -1b?
1662c
In base 4, what is -3010 - -1013200?
1010130
In base 13, what is 51ba7 - -cca?
52ba4
In base 10, what is 29 - 47292?
-47263
In base 13, what is a88 - 643?
445
In base 4, what is -22011 - -2012311?
1330300
In base 14, what is 586 - 4604?
-405c
In base 7, what is -11650000 + 226?
-11646441
In base 16, what is -bb1b - 26d?
-bd88
In base 15, what is -1 + -18b4ad3?
-18b4ad4
In base 16, what is -1cfe05 + -5?
-1cfe0a
In base 2, what is 11111001101001001100 + 101?
11111001101001010001
In base 5, what is 4023121224 - 3?
4023121221
In base 16, what is a47 + -2956?
-1f0f
In base 5, what is -2322 + -1233430?
-1241302
In base 12, what is -40b1 + -26b?
-4360
In base 10, what is 52956935 - 2?
52956933
In base 13, what is -107ba8c - 8?
-107ba97
In base 12, what is -4a + 25652a?
2564a0
In base 12, what is -155 - -435a83?
43592a
In base 6, what is 212 - 11232430?
-11232214
In base 2, what is 11001110010010011110 + 101?
11001110010010100011
In base 14, what is -91a27b - d8?
-91a375
In base 13, what is -aba78 - -28?
-aba50
In base 11, what is -45 - 2a85331?
-2a85376
In base 5, what is -1323 - 42340343?
-42342221
In base 3, what is 201222012 + 20002?
202012021
In base 9, what is -458 - -101557?
101088
In base 16, what is 5dcf61 + 5?
5dcf66
In base 2, what is 10110001011110001 - 11101111000?
10101101101111001
In base 14, what is -698 - 54048?
-54702
In base 16, what is 3e - 24c71f?
-24c6e1
In base 11, what is 15407360 + 7?
15407367
In base 13, what is -38 + -367a3?
-3680b
In base 14, what is a25 + 161?
b86
In base 14, what is bc + c3b6?
c494
In base 6, what is 3000430 - -155?
3001025
In base 8, what is -2 - 11545450?
-11545452
In base 6, what is -15340 - 22111?
-41451
In base 14, what is 0 + 2040981?
2040981
In base 14, what is -3 + 213d4b74?
213d4b71
In base 15, what is -1a28e3d - 3?
-1a28e41
In base 6, what is -1 + -3211252315?
-3211252320
In base 11, what is -a7 + -1805?
-1901
In base 5, what is -10 + -101103402242?
-101103402302
In base 15, what is 7b03e - -3c7?
7b416
In base 3, what is 200220211010 - 1012?
200220202221
In base 4, what is 12103230 + 1121332?
13231222
In base 2, what is 101010 - 10000001001011010010110?
-10000001001011001101100
In base 13, what is -b58 - 1b68?
-29c3
In base 7, what is 2204555 - 46?
2204506
In base 8, what is 633 - -126604?
127437
In base 13, what is -596 + -34b84?
-3544a
In base 5, what is -303 - -413242?
412434
In base 16, what is 5 - 1592b74?
-1592b6f
In base 12, what is -1135b17 - 37?
-1135b52
In base 6, what is 24511 - -2433150?
2502101
In base 6, what is 35434444 + 21?
35434505
In base 16, what is -2 - 4a53e58?
-4a53e5a
In base 12, what is -680710 + 119?
-6805b3
In base 5, what is -4 - -2004012012?
2004012003
In base 16, what is 102d3 - -13a7?
1167a
In base 15, what is 3c7 - -795c?
7d34
In base 9, what is 6403304 - -5?
6403310
In base 15, what is b0ea0941 + 4?
b0ea0945
In base 3, what is -1 - -1111100001222?
1111100001221
In base 8, what is -4 + -25337466?
-25337472
In base 2, what is -101110110001001010000 - -11?
-101110110001001001101
In base 5, what is -313210231 - -110?
-313210121
In base 12, what is -4 + -1a8265a?
-1a82662
In base 9, what is 6 + 21072337?
21072344
In base 12, what is -14b6543bb + 4?
-14b6543b7
In base 5, what is 1340130140401 + -4?
1340130140342
In base 11, what is -1881567 + -1?
-1881568
In base 10, what is -660 + 7507?
6847
In base 3, what is -1 + -22012021010010?
-22012021010011
In base 6, what is 131434553 + -204?
131434345
In base 11, what is 109a010 + 2?
109a012
In base 13, what is 0 - 2884345?
-2884345
In base 15, what is 1 + 27903b?
27903c
In base 4, what is -21331202 + -11302?
-22003110
In base 12, what is -22467256 - 5?
-2246725b
In base 3, what is 1101 - -101120202212200?
101120202221001
In base 12, what is -1b03 + 19aa?
-115
In base 14, what is 2d72a + -39?
2d6d1
In base 8, what is -25 + -4070555?
-4070602
In base 14, what is 36a12c + 5?
36a133
In base 7, what is 4144605 - -23?
4144631
In base 14, what is -422b - 2046?
-6273
In base 9, what is 10644313 + 0?
10644313
In base 12, what is 8b222a8 - -5?
8b222b1
In base 11, what is -333 - -1a819?
1a496
In base 10, what is -5 - 43756270?
-43756275
In base 15, what is 25a8a24 + 6?
25a8a2a
In base 3, what is 202112102 + 202221102?
1112110211
In base 11, what is 2 - -2629728?
262972a
In base 10, what is 265 + 43052?
43317
In base 12, what is 54 - 23a9?
-2355
In base 11, what is 0 - 988394?
-988394
In base 10, what is 10116174 - -12?
10116186
In base 4, what is -301232012 - 131120?
-302023132
In base 13, what is 2c8b89 - -3?
2c8b8c
In base 5, what is 3320243 + -2010?
3313233
In base 9, what is -42 + -14015068?
-14015121
In base 3, what is 20200111020 - -2010111?
20202121201
In base 13, what is -5863381 + -5?
-5863386
In base 6, what is 454204 + -4511?
445253
In base 12, what is 4 - -1308590?
1308594
In base 4, what is -122112 + 10101310?
3313132
In base 4, what is 23312 + 23121321?
23211233
In base 2, what is 11011101101001110111 - -1?
11011101101001111000
In base 16, what is 2a2 - -5e3?
885
In base 15, what is -247a0 - -1c?
-24783
In base 3, what is -120222100 - 1120010120?
-2011002220
In base 13, what is 1 + 47133bc?
47133c0
In base 14, what is -5 - 2520140?
-2520145
In base 14, what is adc + 240a?
3108
In base 11, what is 1400 - -18123?
19523
In base 9, what is -4280 - -62717?
57427
In base 9, what is -1177 + -74231?
-75418
In base 15, what is -65a + -4067c?
-40cd7
In base 6, what is -52 - -1151020?
1150524
In base 5, what is -20420 - -3000?
-12420
In base 7, what is -42 + 550056?
550014
In base 13, what is -9c2c - -a65?
-9197
In base 8, what is 2401 + 55066?
57467
In base 10, what is 0 - 2225789?
-2225789
In base 10, what is -10414 - 3530?
-13944
In base 14, what is -853da86 - -5?
-853da81
In base 5, what is 4 + -43002211?
-43002202
In base 13, what is -1389503 + 1c?
-13894b4
In base 11, what is -5 - 7679754?
-7679759
In base 11, what is 3 - 58206349?
-58206346
In base 16, what is -68fe63 - 3?
-68fe66
In base 15, what is -99db + 307?
-96d4
In base 3, what is 1002001222110201 - -12?
1002001222110220
In base 16, what is d3 - c9f9b?
-c9ec8
In base 3, what is 10 + 1120222002201?
1120222002211
In base 13, what is -8247 + -76b?
-89b5
In base 13, what is 2483a42a + -1?
2483a429
In base 9, what is 855 + -47783?
-46827
In base 4, what is 3 - -3102010000021?
3102010000030
In base 14, what is -2921 - -dca?
-1935
In base 11, what is -7583 - 63a?
-8112
In base 14, what is -113078c - 5?
-1130793
In base 4, what is -11321031 - 122310?
-12110001
In base 11, what is 4 - 52766775?
-52766771
In base 10, what is 35 + 8405?
8440
In base 11, what is -2748a - -2586?
-24a04
In base 13, what is 4 - -2349b1?
2349b5
In base 8, what is -17 - -175651663?
175651644
In base 8, what is -3271 + 450040?
444547
In base 12, what is 56413 - 2b7?
56118
In base 7, what is -1665104206 - 4?
-1665104213
In base 14, what is -359a - -126?
-3474
In base 16, what is dc - 690c?
-6830
In base 3, what is 10 + -1021000010111112?
-1021000010111102
In base 12, what is 1 + 479b31b7?
479b31b8
In base 2, what is -1101010100011110101010 + -101001?
-1101010100011111010011
In base 14, what is 1b83b41 - 5?
1b83b3a
In base 9, what is -114454406 + 4?
-114454402
In base 14, what is -1cd03b3 - 9?
-1cd03bc
In base 6, what is 32 - 225044?
-225012
In base 11, what is -4750 - -373?
-4388
In base 9, what is 7677 - -1485?
10273
In base 11, what is 99339 - 98?
99251
In base 4, what is -2 - 10312203032?
-10312203100
In base 11, what is -18a83 - 329?
-19301
In base 7, what is 2 + 221611230?
221611232
In base 13, what is -ac7 - -14a6?
6ac
In base 7, what is 2510104 - 1313?
2505461
In base 11, what is -19 - -93988?
9396a
In base 10, what is -9414271 + -2?
-9414273
In base 14, what is 3 - 21041a?
-210417
In base 3, what is -1 + -10202200121122221?
-10202200121122222
In base 6, what is 1145523 + -1312?
1144211
In base 5, what is 104302402 + -14301?
104233101
In base 10, what is -305 + -24629?
-24934
In base 16, what is -21 - 46aa13?
-46aa34
In base 3, what is 2101221102 + -110221002?
1221000100
In base 5, what is 12 + 122100421?
122100433
In base 15, what is 1 + -1268dc?
-1268db
In base 4, what is 10013001211 - 10301?
10012330310
In base 